ist the prime factors of 5516.
2, 7, 197
List the prime factors of 130196.
2, 11, 269
List the prime factors of 110047.
7, 79, 199
List the prime factors of 8572.
2, 2143
What are the prime factors of 11014?
2, 5507
What are the prime factors of 2403?
3, 89
What are the prime factors of 3681?
3, 409
What are the prime factors of 11052?
2, 3, 307
List the prime factors of 230.
2, 5, 23
What are the prime factors of 597?
3, 199
What are the prime factors of 5837?
13, 449
What are the prime factors of 14543?
14543
What are the prime factors of 1436?
2, 359
What are the prime factors of 16144?
2, 1009
List the prime factors of 4644.
2, 3, 43
List the prime factors of 28486.
2, 14243
List the prime factors of 32423.
32423
List the prime factors of 127339.
29, 4391
List the prime factors of 1196.
2, 13, 23
What are the prime factors of 79439?
19, 37, 113
List the prime factors of 5195.
5, 1039
What are the prime factors of 24814?
2, 19, 653
List the prime factors of 68897.
68897
List the prime factors of 1174.
2, 587
What are the prime factors of 4029?
3, 17, 79
What are the prime factors of 4879?
7, 17, 41
What are the prime factors of 4162?
2, 2081
List the prime factors of 3026.
2, 17, 89
List the prime factors of 15873.
3, 11, 13, 37
What are the prime factors of 2931?
3, 977
List the prime factors of 50650.
2, 5, 1013
What are the prime factors of 72094?
2, 11, 29, 113
List the prime factors of 2746.
2, 1373
List the prime factors of 10964.
2, 2741
What are the prime factors of 16146?
2, 3, 13, 23
What are the prime factors of 5441?
5441
What are the prime factors of 44607?
3, 14869
List the prime factors of 360.
2, 3, 5
List the prime factors of 37565.
5, 11, 683
List the prime factors of 440.
2, 5, 11
What are the prime factors of 55495?
5, 11, 1009
What are the prime factors of 22638?
2, 3, 7, 11
What are the prime factors of 2705?
5, 541
What are the prime factors of 45644?
2, 11411
What are the prime factors of 27948?
2, 3, 17, 137
What are the prime factors of 5996?
2, 1499
List the prime factors of 75112.
2, 41, 229
List the prime factors of 1749.
3, 11, 53
What are the prime factors of 191?
191
List the prime factors of 1921.
17, 113
List the prime factors of 3111.
3, 17, 61
What are the prime factors of 123307?
123307
List the prime factors of 3482.
2, 1741
List the prime factors of 565.
5, 113
What are the prime factors of 74872?
2, 7, 191
What are the prime factors of 6851?
13, 17, 31
List the prime factors of 3039.
3, 1013
What are the prime factors of 4715?
5, 23, 41
List the prime factors of 9614.
2, 11, 19, 23
What are the prime factors of 78904?
2, 7, 1409
List the prime factors of 4194.
2, 3, 233
What are the prime factors of 56637?
3, 7, 29, 31
What are the prime factors of 68965?
5, 13, 1061
List the prime factors of 26698.
2, 7, 1907
List the prime factors of 298.
2, 149
List the prime factors of 59757.
3, 19919
What are the prime factors of 97881?
3, 7, 59, 79
What are the prime factors of 1776?
2, 3, 37
What are the prime factors of 188?
2, 47
List the prime factors of 71277.
3, 23, 1033
List the prime factors of 46538.
2, 23269
What are the prime factors of 51923?
137, 379
List the prime factors of 1196.
2, 13, 23
What are the prime factors of 385?
5, 7, 11
What are the prime factors of 48952?
2, 29, 211
What are the prime factors of 3466?
2, 1733
List the prime factors of 9424.
2, 19, 31
List the prime factors of 5402.
2, 37, 73
List the prime factors of 25961.
13, 1997
List the prime factors of 3845.
5, 769
List the prime factors of 222.
2, 3, 37
What are the prime factors of 493?
17, 29
List the prime factors of 893.
19, 47
List the prime factors of 49745.
5, 9949
What are the prime factors of 416?
2, 13
What are the prime factors of 12964?
2, 7, 463
List the prime factors of 5187.
3, 7, 13, 19
What are the prime factors of 1910?
2, 5, 191
List the prime factors of 5157.
3, 191
What are the prime factors of 67464?
2, 3, 937
List the prime factors of 5534.
2, 2767
What are the prime factors of 5666?
2, 2833
List the prime factors of 850.
2, 5, 17
What are the prime factors of 7019?
7019
What are the prime factors of 44?
2, 11
What are the prime factors of 661?
661
List the prime factors of 9342.
2, 3, 173
What are the prime factors of 7306?
2, 13, 281
What are the prime factors of 15178?
2, 7589
List the prime factors of 2794.
2, 11, 127
List the prime factors of 974.
2, 487
List the prime factors of 9473.
9473
List the prime factors of 4979.
13, 383
List the prime factors of 45580.
2, 5, 43, 53
What are the prime factors of 15901?
15901
List the prime factors of 134.
2, 67
List the prime factors of 11854.
2, 5927
List the prime factors of 59455.
5, 11, 23, 47
What are the prime factors of 25404?
2, 3, 29, 73
List the prime factors of 9183.
3, 3061
List the prime factors of 1303.
1303
What are the prime factors of 1009?
1009
What are the prime factors of 27?
3
List the prime factors of 6636.
2, 3, 7, 79
What are the prime factors of 3001?
3001
List the prime factors of 16467.
3, 11, 499
What are the prime factors of 97878?
2, 3, 11, 1483
What are the prime factors of 39478?
2, 19739
List the prime factors of 21141.
3, 29
List the prime factors of 1085.
5, 7, 31
What are the prime factors of 191?
191
List the prime factors of 6238.
2, 3119
What are the prime factors of 576?
2, 3
List the prime factors of 7783.
43, 181
What are the prime factors of 38074?
2, 19037
List the prime factors of 7582.
2, 17, 223
What are the prime factors of 72744?
2, 3, 7, 433
What are the prime factors of 5172?
2, 3, 431
List the prime factors of 20593.
20593
List the prime factors of 83562.
2, 3, 19, 733
What are the prime factors of 4523?
4523
What are the prime factors of 15213?
3, 11, 461
List the prime factors of 249.
3, 83
List the prime factors of 1457.
31, 47
List the prime factors of 23067.
3, 11, 233
What are the prime factors of 1074?
2, 3, 179
What are the prime factors of 695?
5, 139
List the prime factors of 44224.
2, 691
List the prime factors of 13217.
13217
List the prime factors of 1585.
5, 317
List the prime factors of 12596.
2, 47, 67
What are the prime factors of 4276?
2, 1069
List the prime factors of 8428.
2, 7, 43
What are the prime factors of 7934?
2, 3967
What are the prime factors of 58278?
2, 3, 11, 883
List the prime factors of 1461.
3, 487
List the prime factors of 755.
5, 151
List the prime factors of 1158.
2, 3, 193
List the prime factors of 507.
3, 13
List the prime factors of 16442.
2, 8221
What are the prime factors of 6572?
2, 31, 53
List the prime factors of 1900.
2, 5, 19
What are the prime factors of 902?
2, 11, 41
What are the prime factors of 13124?
2, 17, 193
List the prime factors of 15943.
107, 149
List the prime factors of 2709.
3, 7, 43
What are the prime factors of 1865?
5, 373
What are the prime factors of 5917?
61, 97
What are the prime factors of 32925?
3, 5, 439
List the prime factors of 86494.
2, 59, 733
List the prime factors of 33022.
2, 11, 19, 79
List the prime factors of 36884.
2, 9221
What are the prime factors of 7099?
31, 229
List the prime factors of 93373.
7, 13339
List the prime factors of 15293.
41, 373
List the prime factors of 2089.
2089
What are the prime factors of 5148?
2, 3, 11, 13
List the prime factors of 8254.
2, 4127
What are the prime factors of 111512?
2, 53, 263
What are the prime factors of 780?
2, 3, 5, 13
What are the prime factors of 156457?
7, 31, 103
What are the prime factors of 21661?
21661
List the prime factors of 6320.
2, 5, 79
What are the prime factors of 2032?
2, 127
What are the prime factors of 148?
2, 37
List the prime factors of 353.
353
What are the prime factors of 27336?
2, 3, 17, 67
What are the prime factors of 4957?
4957
What are the prime factors of 10551?
3, 3517
What are the prime factors of 13284?
2, 3, 41
List the prime factors of 18199.
18199
List the prime factors of 303.
3, 101
What are the prime factors of 30757?
30757
List the prime factors of 215.
5, 43
What are the prime factors of 10685?
5, 2137
List the prime factors of 1532.
2, 383
List the prime factors of 8402.
2, 4201
What are the prime factors of 15146?
2, 7573
List the prime factors of 1192.
2, 149
What are the prime factors of 3080?
2, 5, 7, 11
List the prime factors 